{"id":86,"date":"2024-04-19T03:49:33","date_gmt":"2024-04-19T03:49:33","guid":{"rendered":"https:\/\/kantine.vai.no\/kristiansand-kommune\/?page_id=86"},"modified":"2025-11-27T15:04:57","modified_gmt":"2025-11-27T14:04:57","slug":"sann-bestiller-du","status":"publish","type":"page","link":"https:\/\/kantine.vai.no\/kristiansand-kommune\/sann-bestiller-du\/","title":{"rendered":"S\u00e5nn bestiller du"},"content":{"rendered":"\n<h1 class=\"wp-block-heading\">Catering og bakeri<\/h1>\n\n\n\n<h2 class=\"wp-block-heading\">Kom i gang<\/h2>\n\n\n\n<p>Alle som kj\u00f8per mat eller bestiller m\u00f8temat, m\u00e5 ha en <strong>bruker<\/strong>. Har du ikke allerede en bruker, kan du&nbsp;<a href=\"https:\/\/kantine.vai.no\/kristiansand-kommune\/registrer-bruker\/\">opprette konto her<\/a>.<\/p>\n\n\n\n<p>Har du en konto m\u00e5 du&nbsp;<a href=\"https:\/\/kantine.vai.no\/kristiansand-kommune\/logg-inn\/\"><\/a><a href=\"https:\/\/kantine.vai.no\/kristiansand-kommune\/logg-inn\/\" data-type=\"link\" data-id=\"https:\/\/kantine.vai.no\/kristiansand-kommune\/logg-inn\/\">logge deg inn<\/a>&nbsp;for \u00e5 kunne benytte deg av kantina, b\u00e5de for \u00e5 kj\u00f8pe mat og for \u00e5 bestille m\u00f8temat.<\/p>\n\n\n\n<h2 class=\"wp-block-heading\">Bestille mat i kantina<\/h2>\n\n\n\n<p>Logg deg inn, legg det du \u00f8nsker \u00e5 spise i handlekurven og betal ved utsjekk. Du f\u00e5r kvittering p\u00e5 det du har bestilt og betalt. Kvitteringen viser du til en medarbeider i kantina f\u00f8r du setter deg for \u00e5 spise.<\/p>\n\n\n\n<h2 class=\"wp-block-heading\">M\u00f8temat og bakervarer fra Varodd Synergi<\/h2>\n\n\n\n<p>I Varodd tror vi p\u00e5 et arbeidsliv der alle bidrar p\u00e5 sitt unike vis. Vi er til for \u00e5 utvikle mennesker, slik at de med stolthet kan bidra til samfunnet.&nbsp;<\/p>\n\n\n\n<p>Ved \u00e5 kj\u00f8pe v\u00e5re produkter og tjenester bidrar du til \u00e5 gi mestringsf\u00f8lelse, mening og livsglede for mennesker som av ulike \u00e5rsaker har st\u00e5tt utenfor arbeidslivet.<\/p>\n\n\n\n<h3 class=\"wp-block-heading\">Lokal mat med god samvittighet<\/h3>\n\n\n\n<p>Alle v\u00e5re retter og bakervarer lages med stolthet og omtanke, og er et synlig resultat av mestring gjennom arbeidsinkludering, i samarbeid med v\u00e5re dyktige kokker. Vi bruker naturlige r\u00e5varer og samarbeider med lokale produsenter der det er naturlig \u2013 for best mulig smak og b\u00e6rekraftig kvalitet.&nbsp;&nbsp;<\/p>\n\n\n\n<h3 class=\"wp-block-heading\">Nytt \u2013 Verifisering av e-postadresse<\/h3>\n\n\n\n<p>Alle som bestiller m\u00f8temat m\u00e5 v\u00e6re registrert med en @kristiansand.kommune.no-adresse.&nbsp;<\/p>\n\n\n\n<p><strong>Har du allerede en bruker i Varodds l\u00f8sning med privat e-postadresse,<\/strong> m\u00e5 du logge inn din jobb-e-post. N\u00e5r du har gjort dette, m\u00e5 den verifiseres med en kode sendt til din @kristiansand.kommune.no-adresse. Husk \u00e5 se etter den i s\u00f8ppelpost.&nbsp;<\/p>\n\n\n\n<p><strong>Er du ny bruker og velger registrering med Vipps,<\/strong> vil du f\u00f8rste gang&nbsp;bli bedt om \u00e5 legge inn din jobb-e-post. Denne m\u00e5 verifiseres med en kode sendt til e-posten din. Husk \u00e5 se etter den i s\u00f8ppelpost. Deretter kan du logge inn med Vipps og bli gjenkjent som ansatt i Kristiansand kommune.&nbsp;<\/p>\n\n\n\n<p><strong>Alternativt <\/strong>kan du registrere deg via skjemaet med din @kristiansand.kommune.no-adresse. Ogs\u00e5 denne m\u00e5 verifiseres med en kode sendt til e-posten din. Husk \u00e5 se etter den i s\u00f8ppelpost.&nbsp;<\/p>\n\n\n\n<h3 class=\"wp-block-heading\">Bestilling&nbsp;<\/h3>\n\n\n\n<p>Bestillingen kan legges inn i god tid f\u00f8r dere skal ha maten, men m\u00e5 v\u00e6re registrert senest 2 virkedager f\u00f8r levering. Levering til mandag m\u00e5 gj\u00f8res innen fredag kl. 11.00. F\u00f8rst f\u00e5r du en ordrebekreftelse, deretter kommer det en e-post fra oss med beskjed om at bestillingen er godtatt. For st\u00f8rre arrangementer er bestillingsfristen 1 uke.&nbsp;<\/p>\n\n\n\n<h3 class=\"wp-block-heading\">Levering<\/h3>\n\n\n\n<p>Maten leveres til hovedinngangen p\u00e5 bestillingsadressen. Mottaker m\u00e5 selv hente leveransen. Leveringstid er mellom kl. 08.00 og 14.15 mandag\u2013fredag. For levering regnes et gebyr p\u00e5 200,- pr. leveranse.&nbsp;<\/p>\n\n\n\n<h3 class=\"wp-block-heading\">Allergier<\/h3>\n\n\n\n<p>Det er viktig at dere gir beskjed til Varodd Synergi hvilke allergier vi skal ta hensyn til. Vi tar dette p\u00e5 st\u00f8rste alvor, og vil gi dere mat som passer til behovet.&nbsp;<\/p>\n\n\n\n<h3 class=\"wp-block-heading\">Retur av emballasje<\/h3>\n\n\n\n<p>Transportemballasje for varm mat skal vaskes etter bruk. Emballasjen hentes ved hovedinngangen, og vi ber om at den returneres senest dagen etter levering. Engangsfat o.l. er inkludert i prisen og skal ikke returneres.&nbsp;<\/p>\n\n\n\n<h3 class=\"wp-block-heading\">Fakturering<\/h3>\n\n\n\n<p>Alle oppgitte priser er inkludert mva.&nbsp;<\/p>\n\n\n\n<p>Faktura sendes direkte til institusjonen eller oppgitt adresse kort tid etter at levering har funnet sted.&nbsp;<\/p>\n\n\n\n<h3 class=\"wp-block-heading\">Ytterligere informasjon<\/h3>\n\n\n\n<p>Ta kontakt p\u00e5 tlf. 38 14 48 28 mellom kl. 07.30 og 14.30 dersom du har sp\u00f8rsm\u00e5l om bestilling og levering.&nbsp;<\/p>\n","protected":false},"excerpt":{"rendered":"<p>Catering og bakeri Kom i gang Alle som kj\u00f8per mat eller bestiller m\u00f8temat, m\u00e5 ha en bruker. Har du ikke allerede en bruker, kan du&nbsp;opprette konto her. Har du en konto m\u00e5 du&nbsp;logge deg inn&nbsp;for \u00e5 kunne benytte deg av kantina, b\u00e5de for \u00e5 kj\u00f8pe mat og for \u00e5 bestille m\u00f8temat. Bestille mat i kantina &hellip; <a href=\"https:\/\/kantine.vai.no\/kristiansand-kommune\/sann-bestiller-du\/\">Continued<\/a><\/p>\n","protected":false},"author":1,"featured_media":0,"parent":0,"menu_order":0,"comment_status":"closed","ping_status":"closed","template":"","meta":{"_acf_changed":false,"inline_featured_image":false,"footnotes":""},"shop":[],"class_list":["post-86","page","type-page","status-publish","hentry"],"acf":[],"_links":{"self":[{"href":"https:\/\/kantine.vai.no\/kristiansand-kommune\/wp-json\/wp\/v2\/pages\/86","targetHints":{"allow":["GET"]}}],"collection":[{"href":"https:\/\/kantine.vai.no\/kristiansand-kommune\/wp-json\/wp\/v2\/pages"}],"about":[{"href":"https:\/\/kantine.vai.no\/kristiansand-kommune\/wp-json\/wp\/v2\/types\/page"}],"author":[{"embeddable":true,"href":"https:\/\/kantine.vai.no\/kristiansand-kommune\/wp-json\/wp\/v2\/users\/1"}],"replies":[{"embeddable":true,"href":"https:\/\/kantine.vai.no\/kristiansand-kommune\/wp-json\/wp\/v2\/comments?post=86"}],"version-history":[{"count":15,"href":"https:\/\/kantine.vai.no\/kristiansand-kommune\/wp-json\/wp\/v2\/pages\/86\/revisions"}],"predecessor-version":[{"id":67422,"href":"https:\/\/kantine.vai.no\/kristiansand-kommune\/wp-json\/wp\/v2\/pages\/86\/revisions\/67422"}],"wp:attachment":[{"href":"https:\/\/kantine.vai.no\/kristiansand-kommune\/wp-json\/wp\/v2\/media?parent=86"}],"wp:term":[{"taxonomy":"shop","embeddable":true,"href":"https:\/\/kantine.vai.no\/kristiansand-kommune\/wp-json\/wp\/v2\/shop?post=86"}],"curies":[{"name":"wp","href":"https:\/\/api.w.org\/{rel}","templated":true}]}}