{"id":81,"date":"2024-04-19T03:29:48","date_gmt":"2024-04-19T03:29:48","guid":{"rendered":"https:\/\/kantine.vai.no\/kristiansand-kommune\/?page_id=81"},"modified":"2024-08-05T13:06:54","modified_gmt":"2024-08-05T11:06:54","slug":"registrer-bruker","status":"publish","type":"page","link":"https:\/\/kantine.vai.no\/kristiansand-kommune\/registrer-bruker\/","title":{"rendered":"Registrer bruker"},"content":{"rendered":"\n<div class=\"wp-block-columns alignwide are-vertically-aligned-center is-layout-flex wp-container-core-columns-is-layout-28f84493 wp-block-columns-is-layout-flex\" style=\"border-radius:8px\">\n<div class=\"wp-block-column is-vertically-aligned-center is-layout-flow wp-block-column-is-layout-flow\">\n<div class=\"wp-block-group has-global-padding is-layout-constrained wp-container-core-group-is-layout-07b78078 wp-block-group-is-layout-constrained\" style=\"margin-top:var(--wp--preset--spacing--40);margin-bottom:var(--wp--preset--spacing--40);padding-top:0;padding-right:var(--wp--preset--spacing--50);padding-bottom:0;padding-left:var(--wp--preset--spacing--50)\">\n<h1 class=\"wp-block-heading\">Opprett konto<\/h1>\n\n\n\n<p>Fyll ut feltene nedenfor for \u00e5 opprette konto. Vennligst fyll inn alle p\u00e5krevde felt (*) f\u00f8r du sender inn bestillingen.<\/p>\n\n\n\n<div class=\"align wp-block-site-woocommerce-registration\" id=\"block-2072c02e0dda15e1c082aeb7c1e61e0d\">\n\n<div class=\"woocommerce\">\n\t<div class=\"woocommerce-notices-wrapper\"><\/div>            <div  onclick='login_with_vipps(\"woocommerce\");' style='cursor: pointer;'  class=\"vipps-banner vipps-info vipps-login\">Logg inn eller registrer en konto med Vipps.  &#8211;  <a href='javascript:login_with_vipps(\"woocommerce\");'>Trykk her for \u00e5 fortsette<\/a><\/div>\n            <form method=\"post\" class=\"woocommerce-form woocommerce-form-register register\"  >\n\n\t\t\t\t\t<p class=\"form-row form-row-first\">\n\t\t\t<label for=\"reg_billing_first_name\">\n\t\t\t\tFornavn<span class=\"required\">*<\/span>\n\t\t\t<\/label>\n\t\t\t<input\n\t\t\t\ttype=\"text\"\n\t\t\t\tclass=\"input-text\"\n\t\t\t\tname=\"billing_first_name\"\n\t\t\t\tid=\"reg_billing_first_name\"\n\t\t\t\tvalue=\"\"\n\t\t\t\trequired\n\t\t\t\/>\n\t\t<\/p>\n\t\t<p class=\"form-row form-row-last\">\n\t\t\t<label for=\"reg_billing_last_name\">\n\t\t\t\tEtternavn<span class=\"required\">*<\/span>\n\t\t\t<\/label>\n\t\t\t<input\n\t\t\t\ttype=\"text\"\n\t\t\t\tclass=\"input-text\"\n\t\t\t\tname=\"billing_last_name\"\n\t\t\t\tid=\"reg_billing_last_name\"\n\t\t\t\tvalue=\"\"\n\t\t\t\trequired\n\t\t\t\/>\n\t\t<\/p>\n\t\t\n\t\t\t\n\t\t\t<p class=\"woocommerce-form-row woocommerce-form-row--wide form-row form-row-wide\">\n\t\t\t\t<label for=\"reg_email\">E-postadresse&nbsp;<span class=\"required\" aria-hidden=\"true\">*<\/span><span class=\"screen-reader-text\">P\u00e5krevd<\/span><\/label>\n\t\t\t\t<input type=\"email\" class=\"woocommerce-Input woocommerce-Input--text input-text\" name=\"email\" id=\"reg_email\" autocomplete=\"email\" value=\"\" required aria-required=\"true\" \/>\t\t\t<\/p>\n\n\t\t\t\n\t\t\t\t<p class=\"woocommerce-form-row woocommerce-form-row--wide form-row form-row-wide\">\n\t\t\t\t\t<label for=\"reg_password\">Passord&nbsp;<span class=\"required\" aria-hidden=\"true\">*<\/span><span class=\"screen-reader-text\">P\u00e5krevd<\/span><\/label>\n\t\t\t\t\t<input type=\"password\" class=\"woocommerce-Input woocommerce-Input--text input-text\" name=\"password\" id=\"reg_password\" autocomplete=\"new-password\" required aria-required=\"true\" \/>\n\t\t\t\t<\/p>\n\n\t\t\t\n\t\t\t\t\t<p class=\"form-row form-row-wide\">\n\t\t\t<label for=\"reg_billing_phone\">\n\t\t\t\tTelefon<span class=\"required\">*<\/span>\n\t\t\t<\/label>\n\t\t\t<input\n\t\t\t\ttype=\"tel\"\n\t\t\t\tclass=\"input-text\"\n\t\t\t\tname=\"billing_phone\"\n\t\t\t\tid=\"reg_billing_phone\"\n\t\t\t\tvalue=\"\"\n\t\t\t\tplaceholder=\"Ditt telefonnummer (8-siffer)\"\n\t\t\t\trequired\n\t\t\t\/>\n\t\t<\/p>\n\t\t\t\t<p class=\"form-row form-row-wide\" style=\"margin-bottom: 4px;\">Kryss av for om du skal ha tilgang til \u00e5 bestille m\u00f8temat.<\/p>\n\t\t<p class=\"form-row form-row-wide\" style=\"margin-top: 4px;\">\n\t\t\t<input type=\"hidden\" name=\"can_order_meeting_food\" value=\"0\">\n\t\t\t<label\n\t\t\t\tfor=\"reg_can_order_meeting_food\"\n\t\t\t>\n\t\t\t\t<input\n\t\t\t\t\ttype=\"checkbox\"\n\t\t\t\t\tclass=\"input-checkbox\"\n\t\t\t\t\tname=\"can_order_meeting_food\"\n\t\t\t\t\tid=\"reg_can_order_meeting_food\"\n\t\t\t\t\tvalue=\"1\"\n\t\t\t\t\t\t\t\t\t>\n\t\t\t\tJa, jeg trenger tilgang til \u00e5 bestille m\u00f8temat\n\t\t\t<\/label>\n\t\t<\/p>\n\t\t<wc-order-attribution-inputs><\/wc-order-attribution-inputs><div class=\"woocommerce-privacy-policy-text\"><p>Ved \u00e5 registrere deg samtykker du til Varodd sin <a href=\"https:\/\/kantine.vai.no\/kristiansand-kommune\/personvernerklaering\/\" class=\"woocommerce-privacy-policy-link\" target=\"_blank\">personvernerkl\u00e6ring<\/a>.<\/p>\n<\/div>\n\t\t\t<p class=\"woocommerce-form-row form-row\">\n\t\t\t\t<input type=\"hidden\" id=\"woocommerce-register-nonce\" name=\"woocommerce-register-nonce\" value=\"48b567c29e\" \/><input type=\"hidden\" name=\"_wp_http_referer\" value=\"\/kristiansand-kommune\/wp-json\/wp\/v2\/pages\/81\" \/>\t\t\t\t<button type=\"submit\" class=\"woocommerce-Button woocommerce-button button wp-element-button woocommerce-form-register__submit\" name=\"register\" value=\"Registrer\">Registrer<\/button>\n\t\t\t<\/p>\n\n\t\t\t\n\t\t<\/form><\/div>\n\n<\/div>\n<\/div>\n<\/div>\n\n\n\n<div class=\"wp-block-column is-vertically-aligned-center is-layout-flow wp-block-column-is-layout-flow\">\n<div style=\"aspect-ratio:3\/4;min-height:unset;\" class=\"wp-block-cover is-light has-aspect-ratio\"><span aria-hidden=\"true\" class=\"wp-block-cover__background has-background-dim-0 has-background-dim\" style=\"background-color:#FFF\"><\/span><img loading=\"lazy\" decoding=\"async\" width=\"2560\" height=\"1920\" class=\"wp-block-cover__image-background wp-image-10738\" alt=\"\" src=\"https:\/\/kantine.vai.no\/kristiansand-kommune\/wp-content\/uploads\/2024\/08\/JWF3250-copy-scaled.jpg\" data-object-fit=\"cover\" srcset=\"https:\/\/varoddkantine-media.s3.eu-north-1.amazonaws.com\/wp-content\/uploads\/sites\/2\/2024\/08\/10093915\/JWF3250-copy-scaled.jpg 2560w, https:\/\/varoddkantine-media.s3.eu-north-1.amazonaws.com\/wp-content\/uploads\/sites\/2\/2024\/08\/10093915\/JWF3250-copy-300x225.jpg 300w, https:\/\/varoddkantine-media.s3.eu-north-1.amazonaws.com\/wp-content\/uploads\/sites\/2\/2024\/08\/10093915\/JWF3250-copy-1024x768.jpg 1024w, https:\/\/varoddkantine-media.s3.eu-north-1.amazonaws.com\/wp-content\/uploads\/sites\/2\/2024\/08\/10093915\/JWF3250-copy-768x576.jpg 768w, https:\/\/varoddkantine-media.s3.eu-north-1.amazonaws.com\/wp-content\/uploads\/sites\/2\/2024\/08\/10093915\/JWF3250-copy-1536x1152.jpg 1536w, https:\/\/varoddkantine-media.s3.eu-north-1.amazonaws.com\/wp-content\/uploads\/sites\/2\/2024\/08\/10093915\/JWF3250-copy-2048x1536.jpg 2048w, https:\/\/varoddkantine-media.s3.eu-north-1.amazonaws.com\/wp-content\/uploads\/sites\/2\/2024\/08\/10093915\/JWF3250-copy-600x450.jpg 600w\" sizes=\"auto, (max-width: 2560px) 100vw, 2560px\" \/><div class=\"wp-block-cover__inner-container has-global-padding is-layout-constrained wp-block-cover-is-layout-constrained\">\n<p class=\"has-text-align-center has-large-font-size\"><\/p>\n<\/div><\/div>\n<\/div>\n<\/div>\n","protected":false},"excerpt":{"rendered":"<p>Opprett konto Fyll ut feltene nedenfor for \u00e5 opprette konto. Vennligst fyll inn alle p\u00e5krevde felt (*) f\u00f8r du sender inn bestillingen.<\/p>\n","protected":false},"author":1,"featured_media":0,"parent":0,"menu_order":0,"comment_status":"closed","ping_status":"closed","template":"base","meta":{"_acf_changed":false,"inline_featured_image":false,"footnotes":""},"shop":[],"class_list":["post-81","page","type-page","status-publish","hentry"],"acf":[],"_links":{"self":[{"href":"https:\/\/kantine.vai.no\/kristiansand-kommune\/wp-json\/wp\/v2\/pages\/81","targetHints":{"allow":["GET"]}}],"collection":[{"href":"https:\/\/kantine.vai.no\/kristiansand-kommune\/wp-json\/wp\/v2\/pages"}],"about":[{"href":"https:\/\/kantine.vai.no\/kristiansand-kommune\/wp-json\/wp\/v2\/types\/page"}],"author":[{"embeddable":true,"href":"https:\/\/kantine.vai.no\/kristiansand-kommune\/wp-json\/wp\/v2\/users\/1"}],"replies":[{"embeddable":true,"href":"https:\/\/kantine.vai.no\/kristiansand-kommune\/wp-json\/wp\/v2\/comments?post=81"}],"version-history":[{"count":12,"href":"https:\/\/kantine.vai.no\/kristiansand-kommune\/wp-json\/wp\/v2\/pages\/81\/revisions"}],"predecessor-version":[{"id":10741,"href":"https:\/\/kantine.vai.no\/kristiansand-kommune\/wp-json\/wp\/v2\/pages\/81\/revisions\/10741"}],"wp:attachment":[{"href":"https:\/\/kantine.vai.no\/kristiansand-kommune\/wp-json\/wp\/v2\/media?parent=81"}],"wp:term":[{"taxonomy":"shop","embeddable":true,"href":"https:\/\/kantine.vai.no\/kristiansand-kommune\/wp-json\/wp\/v2\/shop?post=81"}],"curies":[{"name":"wp","href":"https:\/\/api.w.org\/{rel}","templated":true}]}}